-22)?
7
Let f be 3 + 1 + -2 - -362. Suppose 9*v - 5*v = f. What is the units digit of v?
1
Suppose 4*h - 3*i - 75 = 100, -i = 4*h - 187. Suppose -3*m - 8 = 5*u + 14, 0 = 4*u + m + 19. Let j = u + h. What is the tens digit of j?
4
Let l(z) be the first derivative of z**4/4 - 5*z**3/3 - 6*z**2 + 12*z + 12. Let m be l(8). Suppose m = -5*x + 8*x. What is the tens digit of x?
3
Suppose 0 = 2*q - 4*a - 4, -2*q = -0*a + 2*a + 8. What is the units digit of 1 + q + (0 - (0 - 37))?
6
What is the hundreds digit of (-195)/260 - (-5527)/4?
3
Let v be (-2 + 1 + 5)/1. Suppose -3*u + 3*n - 1 = -163, v*u - 3*n = 219. What is the tens digit of u?
5
Let p(g) = 5*g**2 - 10*g - 13. Let q be (-2)/((-6)/81*3). Let j be p(q). Suppose 8*d = 90 + j. What is the units digit of d?
9
Suppose 0 = 30*g - 64*g + 109344. What is the hundreds digit of g?
2
Let x(p) = -p + 1. Let l = -30 + 65. Let w be (4 - 2)*l/(-5). What is the units digit of x(w)?
5
Let h(a) = 163*a**2 + 8*a + 19. What is the tens digit of h(-3)?
6
Suppose 40*t - 156 = 37*t. Suppose -437 + t = -5*l. What is the units digit of l?
7
Let h = -48 - -153. Suppose -22*m = -21*m - h. What is the hundreds digit of m?
1
Let v = 3269 - 1746. What is the hundreds digit of v?
5
What is the hundreds digit of (-1)/(-3)*(-17370)/(-30)?
1
Suppose -3*j + 2*q = -5, 4*q + 0*q - 11 = -j. What is the units digit of (21/j)/(1*2/8)?
8
Suppose -8*i - 1 = -7*i. What is the tens digit of i/((-2)/88*(-8)/(-14))?
7
Suppose 5*v = -65 + 85. Suppose 5*f - v*l - 28 = 0, -2*l + 0*l + 14 = f. What is the units digit of f?
8
Suppose -99*r - 22096 + 349687 = 0. What is the tens digit of r?
0
Suppose 11*c - 16*c = -7500. What is the hundreds digit of c?
5
What is the hundreds digit of 743150/750 - 3/((-45)/2)?
9
Let p(y) = 134*y + 7. What is the units digit of p(3)?
9
Let w = -182 + 123. Let h = -16 - w. What is the units digit of h?
3
Suppose 2*v - c - 75 = -25, -3*v + 2*c = -76. Let o = 92 + v. What is the tens digit of o?
1
Suppose -5*c + c - 28 = 0. Let d(v) be the third derivative of -v**4/8 + v**3/3 - v**2 + 2. What is the units digit of d(c)?
3
Let v = 172 - 184. Let o(b) = -21*b - 42. What is the hundreds digit of o(v)?
2
Suppose -d = 39 - 133. Suppose -2*g - g + 72 = 3*w, w + 5*g - 28 = 0. Suppose -d - w = -3*a. What is the tens digit of a?
3
Let j = -213 - -311. Let z = j + -17. What is the tens digit of z?
8
Suppose -3*n - 5*v + 6 = 2, -v + 20 = 3*n. Suppose 0 = -3*f + n*f - 570. What is the hundreds digit of f?
1
What is the units digit of 6/4 + (1835/2 - 9)?
0
Suppose 5*q - 234 = -m, 9*m - 13*m + 1008 = 2*q. What is the units digit of m?
4
Suppose 5*h - 4149 = -2*a, -91*h + 89*h + 1660 = a. What is the hundreds digit of h?
8
Suppose -g - 2*g + 58 = -4*c, -3*c - 12 = 0. Suppose -2*z + 54 = -g. What is the tens digit of z?
3
Let f(d) = -86*d + 5. Let n be f(-5). Suppose -46*u = -41*u - n. What is the tens digit of u?
8
Suppose -13*h + 5*h = -17920. What is the tens digit of h?
4
Let x be 6/(-10)*(-30)/2. Suppose -x*s = -6*s - 18. Suppose s*j = j + 3*v + 75, 3*j + 3*v = 69. What is the tens digit of j?
1
Let u be 2/(22/6 - 3). Suppose 12 = 2*n - 5*t - 35, 0 = -u*n - 5*t + 133. Suppose 3*o + 2*s - n - 31 = 0, -2*o - 2*s + 48 = 0. What is the units digit of o?
9
Suppose 0 = 3*y - 41 - 31. Suppose 3*n + 9 = -y. Let i = 24 - n. What is the units digit of i?
5
Let k(i) be the first derivative of 9/2*i**2 - i**3 - 9*i - 2 - 1/4*i**4. What is the units digit of k(-6)?
5
Let k(c) = -4*c**2 + c**3 - c**2 + 1 + 3*c - 3*c**3. What is the units digit of k(-5)?
1
Suppose -5*r = -k - 13, -2*k = r + 2*k - 11. What is the units digit of ((-2 - 1) + 14)*r?
3
Let x be 4/28 + 145/(-35). What is the units digit of (-2076)/(-42) - x/7?
0
Let u(q) = -316*q**3 - 7*q**2 - 7*q - 5. What is the units digit of u(-2)?
9
Let u = -933 - -2345. What is the units digit of u?
2
Let p be 2/2 + (-42)/(-7). Suppose p*r = 6*r + 64. What is the units digit of r?
4
Let v(g) = -g**3 + 17*g**2 - 19*g + 13. What is the units digit of v(6)?
5
What is the thousands digit of -1 + 3452 - (-4 - (-10)/1)?
3
Let n = 13 - 8. Let v = 1 + -1. Suppose v = -3*l + f + 41, f + 22 + n = 2*l. What is the units digit of l?
4
Let s = 605 - 124. What is the units digit of s?
1
Let t(z) = z**3 + 16*z**2 + 4*z + 38. What is the units digit of t(-13)?
3
Let v be 24*(0 + (-2)/(-4)). Let a be (v - -2) + -3 + 0. Let x = 15 - a. What is the units digit of x?
4
Let q = 1969 + -585. What is the tens digit of q?
8
Suppose 3*j - 5*q = -4*q - 25, 4*j = -5*q - 27. What is the tens digit of (198 + -3)*j*3/(-18)?
6
Let n = -62 - -48. What is the units digit of 33/8 - n/(-112)?
4
Let s = 677 + -448. What is the units digit of s?
9
What is the units digit of (-7561023)/(-3473) - 2/23?
7
Suppose -4*l - 2 = -3*l. Let t(u) = -3*u**3 + 2*u**2 + u + 3. What is the tens digit of t(l)?
3
Let k be (-15)/(5 - 8) + 1. Suppose -k*j = 6*j - 780. What is the tens digit of j?
6
Suppose 63107 + 133543 = 95*v. What is the tens digit of v?
7
Suppose 2496 = 16*a - 9424. What is the tens digit of a?
4
Let z be (0 + (-4)/5)*(-90)/18. Let a = 572 + -269. Suppose -4*c = -z*k - a + 63, -2*k - 4 = 0. What is the units digit of c?
8
Suppose -3*l + 48 = -60. What is the units digit of (174/l)/(1/6)?
9
Let c(f) = 2*f**3 + 57*f**2 - 36*f. What is the hundreds digit of c(-29)?
2
Suppose -3*d + 0*d + 3*h + 42 = 0, 76 = 5*d - 2*h. Let r be 3/(-1) - (2 - d). Suppose r + 43 = 2*k. What is the tens digit of k?
2
Suppose -5*f + 168 = -3*f. Suppose 6*z - 9*z + f = 0. What is the tens digit of z?
2
Let f = 32 - 18. Let j = f - 12. Suppose -3*k = n - 3*n + 28, -j*k = -5*n + 59. What is the tens digit of n?
1
What is the thousands digit of (20/4 + -2075 + 2)/(-2)?
1
What is the thousands digit of 65/(-10)*31*-24?
4
Let n(l) = 2*l**2 + 14*l + 5. Suppose -9 = -3*z, -u - 4*z = -7*z + 10. Let x be -12*((-3)/12 - u). What is the units digit of n(x)?
1
Let v = -1087 - -2157. What is the tens digit of v?
7
Let m(k) be the first derivative of 9*k**2/2 + 6*k - 7. Let t(f) = 5*f + 3. Let q(w) = -4*m(w) + 7*t(w). What is the units digit of q(-5)?
2
Let t(o) = o**3 - 13*o**2 + 13*o - 7. Let p be t(12). Suppose 0 = -p*u + 131 - 501. Let h = -33 - u. What is the tens digit of h?
4
Let t = 583 - 313. What is the tens digit of t?
7
Let v = 624 + -317. What is the tens digit of v?
0
Suppose -4*g + 4*p = 208, -3*g + p = -4*p + 160. Let j = 8 + g. Let z = 64 + j. What is the units digit of z?
2
What is the hundreds digit of 6*(-5)/(-30)*359?
3
Let u be (96/(-9))/(-8) + 15760/6. Suppose 14*y = 2*y + u. What is the hundreds digit of y?
2
Let w(g) = g**2 - 13*g - 18. Let t be w(-19). Suppose 0 = -5*p - 0*p + t. What is the tens digit of p?
1
Let t(h) = -2*h**2 - 76*h - 32. What is the units digit of t(-23)?
8
Let m(p) = -260*p + 266. What is the hundreds digit of m(-4)?
3
Let o = 390 + 167. Suppose -8*m = -o - 1731. What is the hundreds digit of m?
2
Suppose 81*v - 199210 = 49865. What is the hundreds digit of v?
0
Let y(r) = 2*r**2 + 22*r + 18. Let l be y(-13). Suppose -o = 2*u - 32 - l, -5*o + 3*u + 458 = 0. What is the tens digit of o?
9
What is the hundreds digit of (-1 - 2) + (4 - (-3 - 900))?
9
Suppose 19*y - 6432 = 11*y. What is the hundreds digit of y?
8
Let i = 2 + 0. Suppose -p + 65 = p + 5*j, -i*p + j + 47 = 0. What is the tens digit of p?
2
Suppose -4*o = -4*n - 2272, -o + 4*n = -0*n - 562. What is the hundreds digit of o?
5
Let y = -81 + 58. Let d(w) = -w**3 - 22*w**2 + 16*w - 13. What is the tens digit of d(y)?
4
Suppose p + 5*i = -18, 4*p - i - i = 16. Suppose -251 = -4*t - 5*r, 0 = p*t + 3*r - 117 - 6. What is the units digit of t?
9
Let b = -6 - -3. Let h be (-73)/(-1) + (b - -5). Suppose 0 = -2*x + 5*x - h. What is the units digit of x?
5
Suppose -3*o = -4*o + 8. Suppose 2*x - 4 - o = 0. Suppose -r = 4, r = i - x - 2. What is the units digit of i?
4
Let k(d) = d**2 - 24*d + 35. What is the hundreds digit of k(34)?
3
Suppose 384 = 4*c - 104. Suppose 0 = f + 4*a - 33, 4*f + 2*a = c + 24. What is the tens digit of f?
3
Let z(u) = 11*u**2 - 11*u - 20. What is the units digit of z(-7)?
6
Suppose -1371 = -9*f + 4425. What is the hundreds digit of f?
6
Let l be 422/(-7) - 4/(-14). Suppose 4*x - 2*z + 152 = 0, x + 52 = -0*x - 3*z. Let p = x - l. What is th